4) + (-60 - -4).
-76
What is the value of -34 - (10 + -27 + (-12 - (-8 - 5)))?
-18
What is -20 + 17 - (11 + 58 + -4 - (-2 + 12))?
-58
Evaluate -3 + 2 + -16 + -13.
-30
What is (-43 - -23) + -32 - -35?
-17
What is 15 + (-26 - -13 - -41)?
43
Evaluate -51 + (2 - (15 - (0 + 19)) - 9).
-54
Evaluate 57 + (18 - (24 + -10)) + -7 + -11.
43
Evaluate 71 - 122 - (-24 + 42).
-69
4 + -42 - (32 + -7 - -77)
-140
What is 75 + -40 + -17 - -12?
30
What is the value of -152 + (26 - (-22 + 24)) + -6?
-134
Evaluate (-114 - -19) + -6 - (72 + -107).
-66
-2 + (-7 - 2 - (-23 + 24 + -15))
3
What is (-9 - (-4 - 0) - -47) + -8?
34
Evaluate (-17 - -21 - 115 - 19) + 12 + (8 - 4).
-114
Calculate (9 - 71) + -35 + -2 + 36.
-63
Evaluate 92 + (-41 - (-45 - -51)).
45
What is 30 - (11 - 42 - -67)?
-6
Calculate 1 + (14 + (0 - 6) - 1 - -6).
14
Calculate -74 + (45 - 76) + 132.
27
(68 - 55) + -8 - 38
-33
Calculate (1686 - 1752) + 2 + 106.
42
18 + -98 + 24 + (-22 - 25)
-103
Calculate -5 - (-29 + (15 - (25 + -23))).
11
Evaluate -7 + -8 + -1 + (1 + 2 - (12 - 72)).
47
149 + -170 - (6 + (5 + -9 - 35))
12
Calculate 246 + -129 + (0 - (40 - 5)).
82
What is -16 + 34 - -33 - 72?
-21
What is the value of (14 - 18) + (-12 - -3) - 47?
-60
What is 24 - (2 + -29 - (-85 + 92))?
58
(-4 - 14) + (57 - (55 + -24))
8
Evaluate 0 - -1 - (3 - 0) - (-78 + (-20 - -107)).
-11
8 + 11 - (1 + -11 + 12 + (-11 - -1))
27
Evaluate -12 + -3 + 25 + 3 + 6 + -18.
1
What is 52 + (50 - 165) + (23 - 1)?
-41
Calculate (-321 + 130 - -1) + 122.
-68
What is the value of 36 + -51 + (16 + -15 - 16)?
-30
(27 - (-6 + 36)) + -40
-43
What is 137 + -153 + (-8 - (-4 - 7))?
-13
What is 91 + -162 + -30 + 104?
3
-28 - ((27 - (12 - 24)) + -21)
-46
Calculate -58 + 28 + 1 + 18.
-11
Evaluate 372 + -397 - (-1 + -1 - (-21 + 20)).
-24
What is -25 + (12 - (-14 + 18) - -3) - 18?
-32
What is the value of (-1 - 1 - (-3 - 4)) + -3026 + 2973?
-48
Calculate -23 + -5 + 6 + -1 + 5 + -1 + 1.
-18
What is -41 - (-46 - -31 - 48)?
22
(71 - 54) + (78 - 20) + -28
47
-5 + -24 + 73 + 4 + -3 + (2 - 3)
44
Calculate (3 - 4) + (32 + (10 - 9) + -2 - 4).
26
Calculate -9 - (-13 - (-39 + 78 + -10)).
33
Evaluate 6 + 0 + (-18 - (-9 + -21 + 23)) - -52.
47
-12 + -5 - 2 - (-98 - -120)
-41
Evaluate -47 - -13 - (13 - (36 - 16)).
-27
-61 + (82 - 30 - 29) + 15
-23
Calculate 36 - 6 - (-13 + 88) - (2 + 5).
-52
8 + -3 + 62 + 0 + (2 - 9)
60
3 + 24 + -7 + (26 - -18)
64
(0 - -1 - 96) + 46 + -32 - 13
-94
Evaluate 2 - -19 - (-10 + 34 + -7) - (-4 + 103).
-95
Calculate -7 - (-52 + 3 - -37 - (1 + 27)).
33
Calculate -124 + 1 + 22 + (6 - (-5 - 5)).
-85
Evaluate 0 + 0 - -8 - (-103 + 35 - -198).
-122
What is 7 - ((-36 - (-10 + (-8 - -6))) + -14)?
45
72 + 86 + -192 + 2 + -11
-43
What is -13 + 4 + 17 - (-15 + 19 + -31)?
35
0 - -45 - 1 - 1 - (-29 + (140 - 98))
30
Calculate -20 - -32 - (3 - -2) - -2 - -7.
16
Evaluate 14 - 5 - (59 - 64 - (-2 + 1) - -28).
-15
1 - ((-31 - -212) + -97)
-83
(-3 - 2) + (28 - 42 - (-7 - (-2 - -4)))
-10
Calculate -41 + 2 - (122 - (196 - -74)).
109
What is the value of -79 + (-96 - -105) + 59?
-11
What is the value of 17 - (-68 - -122) - (16 - -2)?
-55
(-60 - (5 - (-15 - -27))) + 0 - -3
-50
Evaluate 90 - (5 + (19 - 7) - (21 - 18)).
76
Calculate -24 - (2 - (1 + 3)) - (-38 - (26 - 76)).
-34
(-9 + 18 - ((6 - -6) + 0)) + (-1 - -133)
129
What is the value of 45 + 59 + -70 + (1 - 19)?
16
Evaluate -2 - 1 - (-10 + -30 + -3 - 2).
42
-39 + (-17 - -9 - -2 - (-6 - -1))
-40
((22 - 32) + 18 - (-2 - -20)) + -30
-40
What is the value of (6 - (10 - -15) - -4 - 69) + -20?
-104
(-19 - (-2 - 2) - -12) + -20
-23
Calculate 142 + (-816 - -815) + 1 + -37.
105
What is 35 + 19 - (6 + 2 + -3 - -2 - 0)?
47
What is (-42 - -22 - 26) + -11 + 9?
-48
What is the value of 14 + (46 - 0 - (9 - 19 - 3))?
73
What is -2 + (0 - (10 - -16)) + 11?
-17
Evaluate (-34 - -2 - (-207 + 157)) + 32.
50
What is (-23 - -7) + 7 - (12 + -7 - (4 - 81))?
-91
Evaluate -9 + 48 + 4 + -30.
13
(14 + -38 - 65) + 74
-15
2 + -1 + (231 - (179 + 1))
52
-10 - -2 - ((-70 - -39) + 51)
-28
Calculate (8 + -10 - (8 - 2 - 8)) + -53 + -13.
-66
Calculate (-238 - -141) + ((2 - -1) + -4 - -18).
-80
Evaluate 1 - 25 - (-62 + (-3 - (-29 - 16))).
-4
Evaluate (6 - (-15 + 11)) + -14 + 4 + 44.
44
Evaluate -7 + 0 + (3 - 0) + (-112 - -54) + 66.
4
Evaluate -99 + 85 + -69 - -92.
9
What is the value of 12 + 3 - (-6 + (-1 - 4) + 303 + -347)?
70
Calculate (-19 - (12 + -47)) + 1 - 11.
6
What is the value of (10 - (23 + -37)) + -1 + 14 + -30?
7
What is the value of -1 + -34 - (-135 - 18 - -158)?
-40
-23 + 0 + -31 + 51 + 11
8
What is the value of 20 - (-47 + 0 - (1947 + -1974))?
40
-52 + (-28 - -74) + 14
8
Calculate 79 + (-146 - -269) + -87.
115
5 + -135 + 77 + -151 + 107
-97
What is the value of 133 + 108 + -182 + -48?
11
What is 496 - 444 - (2 + -1)?
51
(-202 - (53 - 142)) + -5
-118
Evaluate -7 + 5 - -30 - 52 - -31.
7
Calculate (-2 + 4 - 4) + (1993 - 1954).
37
What is -31 - -7 - (-15 + -4 - (-29 - -22))?
-12
Calculate (-8 - -17) + (-45 - -28) + 1 + -3 + -33.
-43
33 - (-45 - -111) - (-19 - (-2 - -4))
-12
2445 - 2443 - (0 + -2 - -20)
-16
What is the value of 4 + (2 - (-6 - -4) - -6) + -158 + 161?
17
What is -49 - (-14 - (-6 + 21 + 4 + -46))?
-62
What is 47 + 161 + 0 + -76?
132
Evaluate 3 - -1 - 16 - (17 - (-6 + -5)).
-40
-12 - ((-2 - 8) + (73 - 85) + -4)
14
Evaluate 1 - -21 - (95 - (-9 + 123)).
41
Calculate 75 + (-3 - (-39 - -34) - 34).
43
Evaluate -20 - ((16 - 4) + -102) - 11.
59
Evaluate -104 - (-263 - -232 - (-7 - 0)).
-80
(0 + -10 + 12 - -3) + 19 + 31
55
What is (1 + 4 - 0) + (45 - (68 + -43)) + -33?
-8
What is the value of (-29 + 0 - (465 - 472)) + (-75 - 1)?
-98
What is the value of -141 + 163 - (-27 + -15)?
64
Calculate (23 - -20) + -33 + -14 + 1 + -46.
-49
Evaluate -14 + -28 + (-2 - 0) + 9 - 5.
-40
1 - 13 - ((6 - 24) + 53)
-47
Evaluate -15 + 1 + (53 - (-43 + 94)) - (-2 + -107).
97
Calculate 11 + (-7 - (-10 - -2) - -20).
32
What is -7 + 42 + -1 - 14?
20
(-4 - -55) + -306 + 228
-27
Calculate 15 + (11 - 26) + -5 + 1 - (-9 + 1).
4
Calculate 6 + -7 + (-1 - 6 - -50 - 3).
39
39 + -14 + 23 + (-13 - 4 - -5)
36
What is (5 - 4 - 5) + 3 + 80 - (159 + -163)?
83
Calculate 2552 + -2633 + 99 + 0.
18
Evaluate 87 - (-45 + 81 - -33).
18
What is -16 + (-41 + -2 - (-40 - -35)) + 12 + -4?
-46
What is the value of -37 + (1 - (0 - -1)) + (-8 - 18) + 26?
-37
What is -1 + 7 + (-30 - 52 - 12)?
-88
Evaluate -86 - -45 - -28 - (-1 + -47 + -2).
37
30 + 0 + -1 + 9 + (-123 - -105)
20
What is the value of -31 - (-58 + 67 - 20)?
-20
What is -11 - ((14 - 25 - -4) + -53 + 1 + -3)?
51
1343 + -1297 + (-1 - 66)
-21
What is the value of (140 - 93) + -35 + -61?
-49
(-5 + (6 - 6) - 8) + (2 - 11)
-22
What is the value of -8 + (-15 + 2 - (0 + -28) - 0) - -4?
11
(1406 - 1373) + (48 - 0) + -8
73
What is 97 + (-54 + 79 - (-2 - 0))?
124
What is 101 + 19 + -126 + -73?
-79
Evaluate 17 - ((7 - 16) + -16 - -11).
31
What is the value of (20 - -24) + (-22 - -32) + 2 + 13?
69
What is the value of (27 + 1 - (-1 + 43 + -27)) + 21?
34
What is the value of -9 - 29 - -22 - (5 - (0 + 0))?
-21
What is -67 + -3 + -26 + 26 - (2 - 0)?
-72
Evaluate (5 - -45 - 51) + 1 + 19.
19
What is the value of 17 + (99 - 28) + -22 + -20?
46
What is -17 + 1 + (17 - (9 - -6)) - 51?
-65
Calculate (1 - 25) + (-23 - -43) + (-21 - -21).
-4
What is 6 + 10 + -5 + 65 + (2 + -1 - -3)?
80
Calculate -56 + 91 + (7 - 35).
7
What is the value of -75 + (-9 - -11) + 48 + -25?
-50
Calculate 14 + -15 + 73 - 125.
-53
What is 16 + 0 + 4 + 560 + -569?
11
What is the value of 7 + (-1 + 2 - (214 + -196) - -10)?
0
Calculate 21 + -7 + (-16 - -3) + -37.
-36
Calculate (-15 - ((-7 - -8) + 0)) + -97 + 88.
-25
Evaluate (-1 - -124) + (-195 - (-341 + 172)).
97
Evaluate 21 + (-44 - -44 - -26).
47
Evaluate -20 - (-11 + 25) - 0 - 10.
-44
What is the value of 6 + (-14 - (2 - (26 - 14)) - -35)?
37
What is the value of -5 - (-37 + 46 + 1)?
-15
Evaluate 15 + (2 + -4 - (1 - 1)) - 66.
-53
What is -152 + 159 + -194 - -70?
-117
What is 19 + -19 - (0 + -3) - (-57 + 48)?
12
Calculate 504 + -464 + -18 + 2 + 0.
24
Calculate 38 + -43 + -30 + 23.
-12
What is the value of 14 + -26 + (-25 - (-7 - 10))?
-20
Evaluate (-28 - (-8 + 7)) + (-1 - 28 - -44).
-12
Calculate (-3 + 17 - 25) + (20 - (-2 + 9)).
2
-16 - -10 - (209 + -156)
-59
0 - -40 - (177 + -137) - (-1 - (0 - -18))
19
-31 - (195 + 